 - 11 = 11*u. Let w(c) = c**2 - 9*c - 14. What is w(u)?
8
Let p = 50 - 34. Suppose -m - p = m. Let s(g) = -5*g**2 - 20*g - 26. Let j(a) = 2*a**2 + 7*a + 9. Let l(n) = m*j(n) - 3*s(n). Give l(5).
1
Let v(p) = 9*p**2 + 3*p - 5. Let l(w) = 4*w**2 + 2*w - 3. Let a(c) = 5*l(c) - 3*v(c). Let m be 1*2*(-5)/10. Give a(m).
-8
Suppose 3*c + 0*n = 5*n + 188, -124 = -2*c + 3*n. Let q be 2/(-3) + c/12. Let w(s) be the third derivative of -s**4/12 + 5*s**2. Determine w(q).
-8
Let u(k) = -11*k**3 + k. Suppose -13 = -h - 2. Let g = -12 + h. Give u(g).
10
Let o(h) = -1. Let w(j) = 2*j - 8. Let t(f) = -4*o(f) + w(f). Calculate t(5).
6
Let y(b) = 6 - 3 - 4 - 10*b**2 + b. Suppose 4*g - 2 = 2. Calculate y(g).
-10
Let o(c) = -3*c - 2. Let y(h) = -12*h - 9. Let d(p) = 9*o(p) - 2*y(p). Let g(l) = l**2 - 10 - l**2 + 6*l - 6*l**2 - l**3. Let a be g(-7). Calculate d(a).
9
Let a(h) = 2*h**2 + 4*h + 2*h - 9*h**2. Let s(x) = -x. Let y(i) = -i**3 + 3*i**2 + 5*i - 3. Let z be y(4). Let m(g) = z*a(g) + 5*s(g). What is m(1)?
-6
Let l = 4 - 2. Let d(y) = -y + y**2 - l*y + 2*y**2. Let b be (8/(-10))/((-2)/5). Calculate d(b).
6
Let n(p) be the first derivative of 1/24*p**4 + 1 + 0*p - 1/3*p**3 - 1/2*p**2. Let u(h) be the second derivative of n(h). Give u(0).
-2
Let u(o) be the third derivative of 3*o**4/8 - o**3/6 + 3*o**2. Suppose 6*v - 5 = v. Let t = v + 0. What is u(t)?
8
Suppose -4*h + 2*h + 3*t - 1 = 0, 4*h = -3*t - 11. Let z(q) = -2*q**2 - 4*q - 2. Calculate z(h).
-2
Let p(a) = -3*a - 4. Let h = 1 + -4. Let v be p(h). Let l(d) = d**3 - 6*d**2 - 6*d - 2. Let k(i) = -i**2 - i - 1. Let t(j) = -2*k(j) + l(j). Give t(v).
5
Let l(g) be the third derivative of -g**5/120 - 13*g**4/24 + g**3/2 - 4*g**2. Let j(v) be the first derivative of l(v). Calculate j(-6).
-7
Let r(a) = -3*a + 2. Let b be (10/5 - 14)/(-2). What is r(b)?
-16
Suppose -3*z - 2 + 3 = -4*f, -17 = -5*z - f. Let p(u) = -2*u**3 - 2*u**3 - 5*u**2 + 3*u**3 - z*u + 3*u**2. Calculate p(-2).
6
Let w(p) = p**2 + 4*p - 4. Let r be w(-5). Suppose l = 3*m - r, 5*m - 2*l = 2*l + 4. Suppose m*j = -j. Let n(k) = k**2 + k. Determine n(j).
0
Let g(j) = 4*j + 2. Let k(r) = r**3 - 7*r**2 + 7*r - 4. Let f be k(6). Suppose 2*p - 1 = f*q - 7, -q = p - 5. Suppose 0 = -3*z - q - 2. Give g(z).
-6
Let u(p) = p**2 + 1. Let o = 0 - -5. Let g(y) = y - 1. Let x be g(o). Let a be 0*((x - 3) + -2). Give u(a).
1
Let u(o) be the first derivative of o**4/4 + 5*o**3/3 - 7*o**2/2 + 2*o - 3. What is u(-6)?
8
Let a = -23 + 20. Suppose 4*m = -m + 15. Let c(h) = m*h**2 - h**2 + 4 - h + h**3 - 1. Calculate c(a).
-3
Let m(o) = o**2 + 3*o**2 - 4*o + 3 - 3*o - 3*o**2. What is m(5)?
-7
Let r(f) be the first derivative of -5*f**2 - 4. Calculate r(2).
-20
Let u = -17 + 28. Suppose z + u = 4*p, 0*z + 15 = 5*p - z. Let n(s) = -s - 5. Give n(p).
-9
Suppose 0 = v - j - 4, v - 2*j - 6 = 0. Let b(q) = -3*q + 2. Give b(v).
-4
Let c(t) be the first derivative of -t**4/4 - 4*t**3/3 + 3*t**2 + 5*t + 12. What is c(-5)?
0
Let c(a) = 4 - 7*a**2 + 0*a**2 + a**2 - 4*a - a**3. Calculate c(-5).
-1
Let a(p) = 12 + 5*p + 2*p - 2*p**2 + 3*p**2 - 4. Determine a(-6).
2
Let w(l) = -5*l - 3. Let m(i) = -i. Let c(t) = -4*m(t) + w(t). Calculate c(-4).
1
Let s(h) = -h - 8. Let l be -9 + (2 + -4 - -3). Give s(l).
0
Suppose n - 5 = 2*r, -5*n = -0*n + 5*r + 5. Let m(d) = -13*d + 2*d + n - 2. Calculate m(-1).
10
Let l be 0 + 1 - (-1 + -1). Let n(o) = 4*o + 0*o + l*o - 6*o. What is n(-6)?
-6
Suppose 2*h + 6 - 12 = 0. Let d(t) = t**2 - 4*t. Give d(h).
-3
Let z(j) = 7*j + 1. Let f(y) = -2*y. Let m(c) = -9*f(c) - 2*z(c). Suppose -1 = 3*u + 14. Let s = u + 3. Calculate m(s).
-10
Let b = -23 + 41. Let q be (-2)/9 + 4/b. Let g(s) = 5*s + 12. Let d(r) = 2*r + 6. Let l(c) = 7*d(c) - 3*g(c). Give l(q).
6
Suppose 0 = -c + 4*c - 5*y + 11, -4*y = -2*c - 10. Suppose -c*k + 20 = k. Let s(h) = -3*h**2 - 6*h**2 - h**3 + 4*h**2 + h - k. Calculate s(-5).
-10
Let j(d) = d**3 + 4*d**2 + 2*d + 1. Let f = -3 + 0. Give j(f).
4
Let m be 96/20 + (-12)/15 + 1. Let a(f) = -5 + 5*f**2 + 2 - f**3 + 2. Determine a(m).
-1
Let a(d) = d**2 + 6*d + 3. Let i be a(-2). Let c be i + 5 + -1 + 5. Let m(w) = 5*w**2 + 4*w**3 + 3*w - 4*w**3 + w**3 + c. What is m(-4)?
8
Let d(o) = o - 4. Let b(j) = j**3 + j + 2. Let l be b(0). What is d(l)?
-2
Let j(t) = t**2 - 6*t + 5. Let h = -149 + 155. Give j(h).
5
Let n(g) = 2 + 1 - 3*g**3 - g**2 + 2*g**3 + 2*g. Let t(z) = 2*z**3 + 4*z**2 + 3*z + 4. Let m be t(-2). Give n(m).
3
Let r = -19 - -16. Let y(d) = -d**3 - 3*d**2 + 2*d + 2. What is y(r)?
-4
Let z(a) = a**3 - 6*a**2 + 3*a - 5. Let g(w) = -w. Let q(u) = 4*g(u) - z(u). Give q(5).
-5
Let f(o) be the second derivative of o**3/6 - 3*o**2/2 - 10*o. Determine f(5).
2
Let i(o) = -o + 12. Let y = -11 + 7. Let p be 12/(-9)*18/y. What is i(p)?
6
Let j(z) = -z**2 - 2. Let u be j(-2). Let k = -8 - u. Let w(b) = -3*b - 3. Give w(k).
3
Let w = 3 + 7. Let d(v) = -4 + 2 - 11*v**2 + 2*v + w*v**2. What is d(2)?
-2
Let k = 15 + 3. Suppose -20 + k = f. Let h(q) = q**2 + 3*q + 1. What is h(f)?
-1
Let n(k) = 2*k**3 - 5*k**2 + 3*k. Let f(o) = 5*o**3 - 10*o**2 + 7*o - 1. Let s(u) = 3*f(u) - 7*n(u). What is s(-5)?
-3
Let q(f) = -f**2 + 4*f + 3. Let a be 4/(-22) - 92/(-22). Give q(a).
3
Let y(a) be the first derivative of -a**6/120 - a**5/30 - a**4/8 - 2*a**3/3 - 5*a**2/2 - 9. Let c(w) be the second derivative of y(w). Calculate c(-3).
14
Let l be 26/91 - (-18)/(-14). Let z(r) be the third derivative of r**6/30 - r**4/24 - r**3/6 + r**2. Determine z(l).
-4
Let a(v) = -v**2 + v - 1. Let q(y) = -5*y**2 + 6*y - 7. Suppose 3 = -3*d + 6. Let l(f) = d*q(f) - 6*a(f). Let z(b) be the first derivative of l(b). Give z(2).
4
Let f(b) be the second derivative of -1/2*b**2 + 0*b**3 + 1/20*b**5 + 0 + b + 5/12*b**4. Suppose 14*c + 15 = 11*c. Calculate f(c).
-1
Let i(q) = q**3 - 4*q**2 - 4*q - 4. Let s = -11 + 16. Calculate i(s).
1
Let o(t) = -t + 1. Let s(u) = -u**3 + 2*u**2 + 3*u - 1. Let q(n) = -2*o(n) + s(n). Let p(f) = -f**2 - f + 3. Let b be p(3). Let y = b - -12. What is q(y)?
3
Let p(w) be the third derivative of w**4/8 - w**3/2 + 5*w**2. Determine p(-3).
-12
Let u(c) be the first derivative of c**3/3 + 3*c**2 - c - 51. What is u(-5)?
-6
Let n(h) = 7*h - 1. Let s(l) = l**2 + l + 2. Let y be s(-3). Suppose 3 = j, -z - 10 - y = -5*j. Let m = z + 2. Give n(m).
-8
Let h = 9 - 14. Let r(q) = -q**3 - 4*q**2 + 6*q - 1. Let k be r(h). Let v(o) = -o**3 - 6*o**2 + 1. Give v(k).
1
Let z(r) = -r**2 + 2*r - 1. Suppose 5*i - 2*k = -5*k + 11, 4*i = k + 19. What is z(i)?
-9
Let z(o) = 3*o + o**3 - 3*o + 2*o - 1 + 4*o**2. Let l = -3 + 8. Suppose 2*c = -3*v - 12 - 7, 25 = -l*c. Calculate z(v).
2
Let m(s) = -5*s**3 + 2*s**2 - 2*s + 1. Let g be (-22 - -23)/(-1 - -2). Give m(g).
-4
Let v(g) = -2*g - 6. Let i = 18 - 23. Give v(i).
4
Suppose -5*a - 3*o = -21, 3*a = -o - 3*o + 17. Suppose -2*f + 3 = -a*f. Let m = f - -7. Let x(w) = w**3 - 3*w**2 - 5*w + 3. Give x(m).
-1
Let c(n) = -n**2 - 2*n. Let a(i) = i**2 + 2*i. Let b(j) = 7*a(j) + 6*c(j). Suppose 5 = -3*p - 1. What is b(p)?
0
Let f(n) = 6*n**2 - 2*n + 4. Suppose 3*t + 6*l = l + 19, -4*l - 4 = -4*t. Let c(v) = 17*v**2 - 6*v + 11. Let x(k) = t*c(k) - 8*f(k). Calculate x(2).
9
Let g be -2*(-2)/(-8)*-2. Suppose -5*q + h = -4*h + 35, 2*q - g = -h. Let o(l) = -4*l + 1. Give o(q).
9
Let r(f) = 4*f + 72. Let c be r(-17). Let i(v) = v**3 - 3*v**2 - 3*v - 2. Determine i(c).
2
Let r(f) = f**3 + f**2 - f. Let k(l) = l - 5. Let c be k(5). Determine r(c).
0
Let q(z) = -z + 14. Let x be q(12). Let o(k) = k + x - 4 + 2. Calculate o(4).
4
Suppose 3*j - 20 = -2*j. Suppose 0 = 3*y - j*y. Let l(u) = 3*u**3 + y*u - 4*u**3 + 1 + u**2 - u. Give l(2).
-5
Let j(r) be the second derivative of -r**8/6720 - r**7/360 + r**6/720 - r**5/30 - r**4/2 + 3*r. Let n(q) be the third derivative of j(q). Determine n(-7).
-11
Suppose -32 = 4*i + c - 4*c, c = 0. Let n = -5 - i. Let y(f) = -f - 3*f + n*f. Determine y(1).
-1
Let t be (0/(6/2))/1. Suppose 4 = k - 2*l, -2*k - l = -t*l - 18. Let c(f) = f - 7. Determine c(k).
1
Let k = -3 - -2. Let l(t) = 10*t + 3. Let s(w) = w + 1. Let u(n) = -l(n) + 3*s(n). What is u(k)?
7
Suppose 4*t + 4*u = 12, 3 = -u + 1. Suppose 3*d - t*k + 18 = d, k - 18 = 4*d. Let m(h) = 3*h - 4. Let g(q) = q**2 + q. Let l(z) = -g(z) - m(z). What is l(d)?
4
Le